factor of t and 56.
14
Let n be (12 + 0)*1/(21/28). Suppose 2*k + 2*k - 448 = 0. What is the greatest common divisor of n and k?
16
Suppose 0 = -792*k + 797*k - 2475. What is the highest common divisor of k and 22?
11
Let b be 16/9 + (-4)/(-18). Let d be ((-5)/(-10))/(b/48). Let m(f) = -f**2 + 20*f + 8. Let i be m(10). Calculate the highest common divisor of i and d.
12
Suppose -42 = 5*x - 847. What is the greatest common divisor of x and 69?
23
Let r be (-8)/10 + 728/35 + 9. What is the greatest common factor of r and 3?
1
Suppose -3*t + 2*z + 0 = -9, 4*t - 5*z = 5. Let l be (-2)/((5/(-4))/t). Suppose -l*x - 19 = -9*x. Calculate the highest common divisor of 57 and x.
19
Let u(y) = 2*y + 1. Let m(f) = -66. Let r(a) = m(a) - 4*u(a). Let t be r(-10). What is the greatest common divisor of 80 and t?
10
Suppose -31 = -5*w - 4*s, 6*s = 2*w + 5*s - 2. Suppose 0 = -w*x + 48 - 15. Calculate the highest common factor of x and 77.
11
Suppose q + 23 = 5*x, -x - 7 = -2*x + q. Suppose 2*i - 2*d - 80 - 42 = 0, 0 = -x*i - 2*d + 274. Calculate the greatest common factor of 6 and i.
6
Let g be (-2)/(-6 + 4)*-3. Let y be 1 + (-6 - g) + 12. Let v be (126/y)/((-6)/(-20)). What is the highest common divisor of 6 and v?
6
Let x(t) = -24*t + 1. Let a be x(-3). Let c = -7 + a. Let u be (-75)/(-11) - (-12)/c. Calculate the highest common factor of u and 63.
7
Let m be (4/5)/(16/(-80)) - -56. What is the greatest common factor of 56 and m?
4
Let v be 6/(-10) + 3498/55. What is the highest common factor of v and 84?
21
Let i(s) = 26*s**2 - 27*s + 43. Let v be i(4). Calculate the greatest common factor of v and 26.
13
Let q = 1 - -8. Suppose -49 = -5*o + 33*g - 29*g, -5*g + 40 = 5*o. What is the highest common factor of q and o?
9
Suppose -64 = -y - 59. Suppose -2 = 5*x - 3*x, h - y*x - 239 = 0. What is the highest common divisor of h and 26?
26
Let h be (-20)/6*(-156)/20. What is the greatest common factor of h and 4?
2
Suppose 10*u - 3*u - 7 = 0. Let z be (-240)/(-36)*(1 + u/2). Let c be 2/(-7) + (-72)/(-7). Calculate the highest common divisor of z and c.
10
Let h = -1084 + 722. Let v = 522 + h. Suppose 88 = 5*z + 4*c, -4*z + c = -3*c - 92. Calculate the highest common factor of v and z.
20
Let c be 120/9*42/35. Suppose 4*d = 4*f + 24, 0*f = -3*d + 2*f + c. What is the highest common factor of d and 16?
4
Suppose 0 = -4*l - 2*t + 28, 0 = 4*l + 3*t - 86 + 60. Let d be (16/6)/(2/12). Calculate the highest common factor of d and l.
8
Let j(q) = -10*q**3 - 2*q**2 + 1. Let a be j(-1). Suppose -g - 126 = -7*g. Suppose -15 = -4*h + g. Calculate the highest common divisor of h and a.
9
Suppose 30*c - 6*c = 24. What is the greatest common factor of c and 4?
1
Let w be 480/2 - (-6 - -4). Let u be 14 - ((5 - 19) + 6). What is the greatest common factor of w and u?
22
Let x be (-1215)/(-2)*(200/30)/5. What is the highest common divisor of x and 30?
30
Let b = 705 + -613. What is the highest common factor of 92 and b?
92
Suppose -f - 506 = -12*f. Calculate the highest common divisor of 322 and f.
46
Let x(a) = -a**3 + 8*a**2 + 8*a - 21. Let z be x(9). Let b be z/(-9)*54*(-3)/(-12). Calculate the highest common factor of 495 and b.
45
Let g(q) = 58*q - 252. Let r be g(6). What is the greatest common factor of 6 and r?
6
Let s = -3 - -4. Let m(i) = 2*i**3 + 2*i**2 - i. Let z be m(s). Suppose -2*a + 4*w = 2*w - 48, -z*a = 2*w - 82. Calculate the highest common factor of a and 39.
13
Suppose -31*o + 41*o - 350 = 0. Calculate the greatest common divisor of 45 and o.
5
Let h = 214 + -190. What is the highest common divisor of 12 and h?
12
Let u be 102/15 - 4/5. Suppose -40 = -u*o - 4*o. Calculate the greatest common divisor of 16 and o.
4
Suppose -4*j + 4*s - 5*s = -106, 56 = 2*j + 2*s. Suppose 2*w + 1 = 3. Let b be -8 - -71 - (w + -3). What is the highest common divisor of b and j?
13
Let j(u) = -26*u + 41. Let f be j(0). What is the highest common factor of f and 1271?
41
Let k = -1571 + 1590. What is the greatest common factor of 855 and k?
19
Let p be 1215/(-30)*48/(-9). What is the greatest common factor of p and 504?
72
Suppose -44 = -6*z + 5*z. Suppose 5*b - z - 12 = 3*a, -29 = -2*b - a. Calculate the highest common divisor of 13 and b.
13
Let i(s) be the first derivative of -2*s**2 + s + 1. Let o = 34 - 35. Let t be i(o). What is the greatest common divisor of t and 10?
5
Let t = -22 - -26. Let v be ((-6)/(-15))/(t/260). Calculate the greatest common divisor of 65 and v.
13
Let m(l) = -1 - 2 - 2*l + 5*l**2 + 3. Let n be m(-2). What is the greatest common divisor of 192 and n?
24
Suppose 24*p - 201 - 591 = 0. Suppose 0 = -7*j + 2*j + 15. What is the greatest common factor of p and j?
3
Let h = -79 + 22. Let i be (0 + -25)*h/95. What is the greatest common divisor of i and 6?
3
Let b = -214 - -294. What is the greatest common factor of 30 and b?
10
Let v(a) = a**3 + 5*a**2 - 8*a. Let t be v(-7). Let b = t - -70. Calculate the greatest common divisor of b and 112.
28
Suppose -11*i = -13*i + 438. Suppose -4*s = -5*z + z - 868, -s + i = z. Suppose -3*f = -s - 403. Calculate the greatest common factor of f and 23.
23
Let t = -29 - -31. Let y be 1 + (t + (-30)/8)*-8. What is the greatest common factor of 45 and y?
15
Let m be (-1 - -3) + -3 - -45. Let f(u) = u**3 + 5*u**2 - 2*u - 1. Let q be f(-4). Suppose 0 = 6*b - q - 1. Calculate the highest common divisor of b and m.
4
Let l = 1389 + -1020. What is the greatest common divisor of l and 9?
9
Suppose -s - 4 = -3*s. Suppose 0 = s*a - 3*r - 12 - 42, 0 = -3*r. Let p = 144 + -90. What is the highest common divisor of a and p?
27
Let b = -346 + 465. Calculate the highest common factor of 85 and b.
17
Let t be 23/5 - ((-27)/5 - -5). Suppose 280 = t*i + u, -4*u = 5*i - 0*i - 280. Calculate the highest common divisor of i and 28.
28
Let i(h) = h**3 + 5*h**2 - 4*h. Let x = -12 - -7. Let g be i(x). Let c = -8 - -18. Calculate the highest common divisor of c and g.
10
Let k(d) = d**3 + 5*d**2 + 5. Let s be k(-5). Suppose -s*l + 367 = 112. What is the highest common divisor of l and 34?
17
Suppose -15*r + 587 = 62. Calculate the highest common divisor of r and 20.
5
Let k(m) = -m**3 + 5*m**2 - 2*m + 1. Let r be k(4). Let d = -3 + r. Suppose 0 = -5*b + 22 - 2. What is the greatest common factor of d and b?
2
Suppose 4*v - 176 = -2*c, -6*c + 2*c = -3*v + 110. What is the highest common factor of v and 84?
42
Let u be 9/(-4)*384/36. Let x be ((-21)/(-28))/((-2)/u). What is the highest common factor of x and 3?
3
Let o = 260 - 179. Suppose 15*c = 19*c - 24. Let z be 2/3*c - -23. What is the greatest common factor of z and o?
27
Suppose -b = -43 - 12. Let f = 85 - b. Calculate the highest common divisor of f and 90.
30
Let t be (115/(-2))/(1 + (-25)/20). Suppose 0 = 7*u - t - 113. What is the greatest common factor of u and 196?
49
Let m = -344 - -488. What is the highest common divisor of 108 and m?
36
Suppose 2*b = -0*b - 6, -3*u - 3*b = -366. Let z = -38 + u. Let q = z - 24. What is the greatest common factor of q and 9?
9
Suppose 45 = -3*k + 2*k + 4*a, -3*a = k + 10. Let h = 37 + k. Suppose 0*u + 3*u = 24. What is the greatest common divisor of u and h?
4
Let z be 0 - ((1 - 25) + 0). Suppose -3*v + 76 = -u, 126*v - 4*u - 40 = 125*v. Calculate the greatest common divisor of v and z.
24
Let m = -342 - -1233. Calculate the greatest common divisor of m and 11.
11
Let m(s) = 2*s**2 - 18*s - 5. Let d be m(13). Suppose 7*u - 10*u = d. Let y be u/(-77) + (-67)/(-7). What is the greatest common factor of y and 10?
10
Let p = -3 - -7. Suppose 4*d + b = -42, -p*b - 1 = -3*d - 23. Let s = d + 20. What is the highest common factor of 10 and s?
10
Let d(b) = -b - 1. Let c be d(-1). Suppose -4*r = -c*r. Suppose -2*u + 0*u + 20 = r. Calculate the highest common factor of u and 110.
10
Suppose 0 = -8*g + 81 - 25. Let m = 12 - g. Calculate the highest common divisor of m and 45.
5
Suppose 2*c = 5*r + 63, 15*c - 12*c + 3*r = 105. What is the highest common divisor of 867 and c?
17
Let k = 388 - 384. Calculate the greatest common divisor of k and 96.
4
Let s be (-20)/2*11/(-88)*12. Calculate the highest common factor of 1125 and s.
15
Let g = 0 + 1950. Calculate the highest common divisor of g and 50.
50
Suppose 50*f = 6*f + 88. Calculate the highest common fac